 Suppose -62 = y*k - 278. Let c = -38 + k. What are the prime factors of c?
2, 17
Let b = -58 - -90. What are the prime factors of (-20)/5 + 1 + b?
29
Let i(l) = -l**3 - 4*l**2 + 12*l + 2. Let r be i(-6). Let t(k) = -k**3 + 6*k**2 + 6*k + 3. Let c be t(7). List the prime factors of 14*(c/(-8) + r).
5, 7
Let c = 13 + -15. Let o be -5*c/(20/282). Suppose 5*m - o = -21. What are the prime factors of m?
2, 3
Let v(b) = -b**3 - 4*b**2 - 7*b + 6. Let i(l) = -2*l**3 - 3*l**2 - 6*l + 5. Let n(g) = -4*i(g) + 3*v(g). Let c = 10 + -9. List the prime factors of n(c).
2, 3
Suppose t + u + 3*u = 11, -3*t = 4*u - 17. Suppose j - 2 = t. Suppose -j*o = -o - 100. List the prime factors of o.
5
What are the prime factors of 1/(((-26)/(-63167))/2)?
43, 113
Suppose 3*d - 1728 = 1629. What are the prime factors of d?
3, 373
Suppose -9*k = -4*k + 5*s - 35, 2*k - 2*s = -6. Suppose 225 - 40 = 3*r + k*d, -5*r + 3*d = -321. What are the prime factors of r?
3, 7
Let t = -859 + 1230. What are the prime factors of t?
7, 53
Let s = -3027 - -5093. List the prime factors of s.
2, 1033
Suppose 2*g + 2*i = 50, i - 74 = -3*g - i. List the prime factors of 3568/g - (-6)/(-9).
2, 37
What are the prime factors of (-154)/(-3)*(-102)/(-17)?
2, 7, 11
Let f = 576 + -279. List the prime factors of f.
3, 11
Let s be (-8)/(-5) + 6/15. Let w be 58/(-8)*(1 - 5). Suppose -5*g + 3*x = -33, w = 5*g - s*x + 3*x. What are the prime factors of g?
2, 3
Suppose -5*t = 18 - 148. Let p be 2 + t - 16/(-4). List the prime factors of 2/4 + 1520/p.
2, 3
Suppose -2*f - 3*t + 3 = 0, f + 2*f + 5*t - 4 = 0. Suppose k - 3*k - 430 = -4*a, 0 = f*a + 4*k - 306. What are the prime factors of a?
2, 53
Let s = -201 + 372. Suppose -4*b + 7*b = s. List the prime factors of b.
3, 19
Let s(h) = 500*h - 297. List the prime factors of s(3).
3, 401
Let f(c) = -c**2 - 2*c + 3. Let u be f(-2). Suppose -4*k + 27 = -3*v + 11, 2*v = -u*k + 29. List the prime factors of k.
7
Suppose 3617 + 11887 = 24*p. What are the prime factors of p?
2, 17, 19
Let f be 4 + (-4 - -2) + -4. What are the prime factors of (-196)/f - (1 + -1)?
2, 7
Let s = 326 + 38. What are the prime factors of s?
2, 7, 13
Let y(n) = -n**3 + 5*n**2 - 4*n + 6. Let t be y(5). Let x(i) = i**3 + 14*i**2 - 4*i - 11. List the prime factors of x(t).
3, 5
Let o(m) = 3*m - 27. Let f be o(12). Suppose -40 - f = -v. What are the prime factors of v?
7
Let x(w) = -2*w - 6. Let n be x(-3). Suppose n = -j + 6 - 2. Suppose -j*o = a - 200, 3*o - 5*a - 150 = -2*a. List the prime factors of o.
2, 5
Let s = 10 - 7. Let x = -54 + s. What are the prime factors of (-4 - 8/(-3))*x?
2, 17
Let c be (-25)/(-2) + (-3)/(-6). Suppose 3*x = -4*m - c, 0 = -2*m - m - 2*x - 10. Let u = 40 + m. List the prime factors of u.
2, 3
Let j be (3 - 39/(-3)) + -3. Suppose -3*o - j = -1. Let x = -2 - o. List the prime factors of x.
2
Let t(l) = 4*l + 7. Let p(s) = 11*s + 20. Let k(x) = -3*p(x) + 8*t(x). Let j be k(-13). Let y = j + 19. List the prime factors of y.
2, 7
Let d = -136 - -82. Suppose -5*c + 100 = -60. List the prime factors of (c/24)/((-4)/d).
2, 3
Let h(w) = 5*w - 3. Let c be h(-6). What are the prime factors of c/1*(-1 + (-5 - -3))?
3, 11
Suppose -6*i = 16 + 8. Suppose 12 + 12 = 4*g. List the prime factors of i/8*g + 11.
2
Let z(c) = c**3 + c**2 + 23. Let k(o) = o**2 - 5*o - 6. Let b(w) = -w - 2. Let u be b(-8). Let a be k(u). What are the prime factors of z(a)?
23
Let f(y) = 5*y**2 + 15*y + 64. List the prime factors of f(-11).
2, 3, 7
Let t(u) = -8*u**3 - 12*u**2 + 7*u + 3. Let c(g) = 7*g**3 + 11*g**2 - 8*g - 4. Let d(r) = 7*c(r) + 6*t(r). List the prime factors of d(-6).
2, 19
Let z(m) = -11*m**3 + m**2 + 6. Let p be z(-3). Suppose -2*a - 2*a + p = 0. List the prime factors of a.
2, 3, 13
Let b = 153 - -597. What are the prime factors of b?
2, 3, 5
Let g = -40 + 40. Suppose -z - k + 52 = -g*z, -156 = -3*z + 4*k. List the prime factors of z.
2, 13
Let a = -14 - -17. List the prime factors of (a/((-18)/(-22)))/(19/285).
5, 11
Suppose 1998 = 1615*r - 1612*r. List the prime factors of r.
2, 3, 37
Let w = 6 - -3. Let p = -5 + w. List the prime factors of 142/8 + p/16.
2, 3
List the prime factors of (-6227)/(-5) + (-15)/(-375)*-10.
3, 5, 83
Suppose 4*g = 272 + 32. Suppose -5*x - 4*z = -297, z + 35 = 2*x - g. List the prime factors of (-2)/6 + 2413/x.
2, 3, 7
Let a = -2490 + 5799. List the prime factors of a.
3, 1103
Let d = 46 + -28. Suppose -2*z - d = -154. What are the prime factors of z?
2, 17
Let p(g) = -g**2 + 6*g + 7. Let z be p(7). Let o be 0/(1 + z/2). List the prime factors of 22 + (o + 4)/2.
2, 3
Suppose 2*o - 5*v - 23 = 0, -4*o + 4*v = -5*o - 21. Let t be 2 + 1 + (o - 1). What are the prime factors of -3 + (-2)/t*-6?
3
Suppose 3*y - 9 = -0. Let w be 19/(-6) + y/18. What are the prime factors of 26/(-3)*w/2?
13
Suppose t = -4*t - 155. Let x be 30/4*15*(-36)/(-75). Let k = x + t. List the prime factors of k.
23
Let k(b) = -15*b**3 + 1. Let n be (-3 + 2 + 4)/(-3). List the prime factors of k(n).
2
Let f(w) = -w**3 - 8*w**2 - 3*w - 10. Let c be f(-8). Suppose 5*s = 4 - c. What are the prime factors of 19/(s + -1 + 4)?
19
Let c = 2105 - 1063. What are the prime factors of c?
2, 521
Suppose 0 = -v - 2*l - 4 + 8, -l + 17 = 3*v. Let s = v + -4. Suppose -3*k + 4*j - s*j + 59 = 0, -3*j - 80 = -4*k. List the prime factors of k.
17
Let x(t) = -7*t**3 - 32*t**2 - 7*t - 12. What are the prime factors of x(-7)?
2, 3, 5, 29
Let t(u) = u - 14. Let j be t(17). What are the prime factors of (-676)/(-12) + 2/j?
3, 19
Let r(j) = -j. Let i be r(-8). Suppose h = -0*h - i. List the prime factors of 104/10 - h/(-20).
2, 5
Let q(o) = -o + 13. Let t be q(11). Suppose 0 = 4*g - 2*k - 22, 3*g + 4*k = 13 - t. Let d(s) = 2*s + 6. What are the prime factors of d(g)?
2
Suppose -3*h + 5*t + 6 = 0, -t = 2*h + 6 + 3. Let c be 39*((-8)/h + 0). Suppose 0 = -4*v + 4*q + c, v + 4*q = 32 - 11. What are the prime factors of v?
5
Let s = 1860 + -474. What are the prime factors of s?
2, 3, 7, 11
Let t be (-1)/3 + (-850)/(-3). Suppose -t = -5*r + 177. What are the prime factors of r?
2, 23
Let o(l) = l**2 + 2*l - 23. Let y be o(-6). What are the prime factors of y*-4 - 3465/(-15)?
227
Let s = 15 + -10. Let b(l) be the second derivative of l**4/6 - 7*l**3/6 + 3*l**2 + l + 9. What are the prime factors of b(s)?
3, 7
Let s = -1 - -7. Suppose -3*a + s + 9 = 0. Suppose -k + a*k - 176 = 0. List the prime factors of k.
2, 11
Let m(w) be the third derivative of w**6/120 + w**5/5 - 2*w**4/3 + 8*w**3/3 - 2*w**2. Let d(t) = -11*t - 79. Let n be d(-6). What are the prime factors of m(n)?
5, 11
Suppose -4*x + 2708 = -2312. What are the prime factors of x?
5, 251
Let j(q) be the third derivative of q**7/1680 - q**6/720 - q**5/15 - 3*q**2. Let f(t) be the third derivative of j(t). List the prime factors of f(11).
2
Let f(k) = -5*k**2 - 35*k - 31. Let b(s) = s**2 + 9*s + 8. Let o(n) = 9*b(n) + 2*f(n). List the prime factors of o(7).
2, 19
Suppose 128571 + 25386 = 57*d. What are the prime factors of d?
37, 73
Let q(p) = 481*p - 470. What are the prime factors of q(6)?
2, 151
Let c = 1542 + -450. List the prime factors of c.
2, 3, 7, 13
What are the prime factors of ((-168)/210)/(-1*(-2)/(-800))?
2, 5
Suppose 0 = 5*h + h - 198. Let w = h - 22. What are the prime factors of w?
11
Suppose 41 = j - 11. What are the prime factors of (-143 + 1)/(j/12 + -5)?
3, 71
Suppose -14*d + 9886 = 1164. What are the prime factors of d?
7, 89
Let p = -13 - -18. Suppose p*q - 725 = -3*j + 340, -1045 = -5*q + j. Suppose 0 = 4*i + 34 - q. What are the prime factors of i?
2, 11
Let q = 3 - 2. Let w(z) = 160 - 315 + 154 + 40*z. What are the prime factors of w(q)?
3, 13
Let n(a) = a**2 + a + 13. Let k(u) = 2*u**2 + u + 27. Let t be -3 - (-2 - 2) - 3. Let r(x) = t*k(x) + 5*n(x). List the prime factors of r(-5).
3, 7
Let b(o) be the third derivative of -o**4/4 + o**3/6 - 3*o**2. Let u be b(-1). Suppose -u*s + 12 = -9. What are the prime factors of s?
3
Let j = -34 - -36. Suppose -j*a - 4 = -3*r, -3*a = 4*r + 2*a - 36. What are the prime factors of r?
2
Let u = 230 - 133. List the prime factors of u.
97
Suppose -x = -3*k - 5*x + 1383, 480 = k - 5*x. List the prime factors of k.
3, 5, 31
Let m = 4 + -7. Let i be (18/21)/(m/2478). List the prime factors of (-3)/5 - i/3